 the prime factors of z.
3, 5, 47
Suppose -4*z + n + 1881 = 0, -z - 3*n = 2*n - 465. List the prime factors of z.
2, 5, 47
Suppose -27*k + 384 = -24*k. List the prime factors of k.
2
Let f = -3 + 5. Let x be f/(-10) - (-11)/5. Suppose 3*k - 3*o - 81 = 0, x*k - 6 = o + 44. What are the prime factors of k?
23
Let h(z) = 5*z**2 - 11*z + 4. Suppose 4*u - 5*u = -18. Let y = u + -14. What are the prime factors of h(y)?
2, 5
Let m(t) = t**2 + 7*t - 10. Suppose -8*a - 32 = -4*a. Let g be m(a). Let p = 48 - g. What are the prime factors of p?
2, 5
Let r(p) = -1 - 4*p**2 + 2 + 2*p**2 + 0 + 21*p**3. Let g = 13 + -12. List the prime factors of r(g).
2, 5
Let t = 11 - 9. Suppose 0 = 2*x + t*x - 40. Let m = x + -2. List the prime factors of m.
2
Suppose 5*v = -4*b + 6501 - 1168, -b - 5*v + 1337 = 0. List the prime factors of b.
2, 3, 37
Let t(f) = 235*f + 9. What are the prime factors of t(2)?
479
Let t(w) be the third derivative of 13*w**4/12 - 17*w**3/6 - 5*w**2. What are the prime factors of t(5)?
113
Suppose 2*c + 2*z - 796 = 0, 3*c - z - 596 = 594. Suppose c = 16*m - 355. List the prime factors of m.
47
Let s be 705/(-12) + (-2)/8. Suppose 24*u - 9*u = 1890. Let f = s + u. List the prime factors of f.
67
Suppose -x - 2 + 16 = 0. Suppose -x*r + 9*r = -890. What are the prime factors of r?
2, 89
Suppose 0 = -4*h + 8 + 4. Suppose -10*i = -21 - 9. Suppose -4*l + 162 = -h*p - 0*p, -i*l + 4*p = -125. List the prime factors of l.
3, 13
Let q(r) = 5*r**2 - 2*r - 7. Suppose -20 = x + 3*x. Let a be 4/(-2) + x/(-1). List the prime factors of q(a).
2
Suppose 0 = -3*b + 6, -5*l + 385 = -5*b + 110. Suppose -1 - l = -d. List the prime factors of d.
2, 29
Suppose -4*v - 5*o - 65 = 0, 2*v + 5*o + 45 = -v. Let t = v + 121. List the prime factors of t.
101
List the prime factors of (2/(-4))/(3 + -2)*-2862.
3, 53
Let i = -110 - -591. List the prime factors of i.
13, 37
Let g = -95 - -906. List the prime factors of g.
811
Suppose 3*m = 1448 + 388. Suppose m = 6*l + 3*l. List the prime factors of l.
2, 17
Let k(f) = 393*f**2 + 7*f + 6. Let y be k(-1). Suppose 0 = -6*t + 2*t + y. What are the prime factors of t?
2, 7
Let i = -857 + 1005. What are the prime factors of i?
2, 37
Suppose 0 = -7*v + 7466 + 5554. What are the prime factors of v?
2, 3, 5, 31
Let c(v) = -v**2 + 60*v - 79. What are the prime factors of c(17)?
2, 163
Let y = 103 + -95. Let f = y + 62. List the prime factors of f.
2, 5, 7
What are the prime factors of (4/3)/(50/13275)?
2, 3, 59
Let x(k) = 5*k**2 + 6*k + 7. Let w be x(5). Suppose 5*m - w = 3*m. List the prime factors of m.
3
Suppose 10*g = -15*g + 17275. What are the prime factors of g?
691
Let a = -261 - -68. Let d = a + 300. What are the prime factors of d?
107
Let x be 5/((-15)/9) + 9. Suppose -x*a + 5*k + 480 = -a, -4*a = -k - 387. What are the prime factors of a?
97
Suppose r + 0*r + 3564 = 3*f, -3 = -r. What are the prime factors of f?
29, 41
Suppose 7*l - 3*l - 624 = 0. Let c = -92 + l. List the prime factors of c.
2
Let h(v) = -5*v**3 - 20*v**2 + 7*v - 9. What are the prime factors of h(-6)?
3, 103
Let x = 7575 - 3216. List the prime factors of x.
3, 1453
Suppose 2*o = 1032 + 3602. What are the prime factors of o?
7, 331
Suppose 4*i + 25 = -35. List the prime factors of (539/35)/((-3)/i).
7, 11
Suppose 5*d + u = -u + 349, -2*d = 2*u - 136. Let s = -35 + d. Suppose 8*p - 4*p - s = 0. List the prime factors of p.
3
Let i = 50 - 71. Let x = -6 - i. List the prime factors of x.
3, 5
Let z = -28 + 33. List the prime factors of 180 + -4 + z + 5.
2, 3, 31
Suppose -d - 2*d = -2*m + 8, 2*d = -5*m + 1. What are the prime factors of -185*d/(-6)*-3 + -1?
2, 23
Let j = -7 - -103. Let y = -168 + j. List the prime factors of ((-20)/(-6))/((-16)/y).
3, 5
Let n(l) be the second derivative of l**4/3 + l**3 + 7*l**2/2 + 5*l. List the prime factors of n(-5).
7, 11
Suppose -172*v + 173*v = 227. List the prime factors of v.
227
Suppose -3*i = -34 - 5. Suppose -3*d - i = 2. List the prime factors of d - -8 - 18/(-1).
3, 7
Suppose -2979 = -5*x + 491. List the prime factors of x.
2, 347
Suppose -2*w = -1988 - 1726. What are the prime factors of w?
3, 619
Suppose -3*z - 2*q + 1850 = z, 4*q + 476 = z. List the prime factors of z.
2, 29
Let a(b) = -3*b**2 - 39*b - 40. Let j(q) = 4*q**2 + 58*q + 60. Let d(x) = 7*a(x) + 5*j(x). What are the prime factors of d(14)?
2, 31
Let b = -3804 + 5467. Suppose 13*k - 1548 = b. What are the prime factors of k?
13, 19
Suppose 5*g - 7 = -5*n + 8, 4*n = 5*g + 12. Let h be (8 - 2)/n + -2. What are the prime factors of (19 + -4 - h)*2?
2, 3, 5
Let w = 59 - 39. Suppose 0*c - 4*c = -3*z - 31, -4*z - w = 0. Suppose c*h - 3*i = 44, 3*h + 2*i - 27 = 6. List the prime factors of h.
11
Let m = 384 + -340. List the prime factors of m.
2, 11
Let n(l) be the second derivative of 5*l**4/12 + l**3/6 - 2*l**2 - 12*l. List the prime factors of n(-2).
2, 7
Suppose 0 = 4*q - q - 21. Suppose 2*a - 3*a = -q. What are the prime factors of (a/3)/((-2)/(-12))?
2, 7
Let v be 1/(-4) - (-2)/8. Suppose 3*y - 2*y - 3*f - 14 = v, y - 20 = 5*f. Suppose -y*h + 3*i = -21, -4*h - 5*i + 1 = -38. List the prime factors of h.
2, 3
Suppose 84*x - 96396 = 55*x. List the prime factors of x.
2, 3, 277
Let m = -41 - -376. What are the prime factors of m?
5, 67
Let f(i) = 3*i**2 - i - 4. Let s be f(2). Suppose b - s = -1. Suppose 68 + 59 = 3*l - b*j, 0 = 3*l + 4*j - 109. List the prime factors of l.
3, 13
List the prime factors of (-26608)/(-68)*3 + 6/51.
2, 587
Let u be (2/5)/(3/(-15)). Let r(d) = -6*d**2 - 2*d - 3. Let a(t) = -t - 1. Let c(b) = 4*a(b) - 2*r(b). List the prime factors of c(u).
2, 5
Suppose -3*x = -2*n - 1290, -3*x + 1281 = -3*n - 2*n. List the prime factors of x.
2, 3
Let z(b) = -57*b + 62. Let y be z(-6). Suppose -15*s + 181 = -y. List the prime factors of s.
3, 13
Let q be 9/4 + 10/(-40). Let a be 0*(q - 2 - 1). Suppose d - 5*l + 4 = 0, a = 2*d + 5*l - 3*l - 52. What are the prime factors of d?
3, 7
Suppose -83*z + 26*z + 6840 = 0. List the prime factors of z.
2, 3, 5
List the prime factors of ((-4)/(-12) + (-86)/6)*-194.
2, 7, 97
Let n(r) = 11*r - 1. What are the prime factors of n(32)?
3, 13
Let h = 14 - 10. Suppose -2*m - 30 = -4*g + 56, 0 = -h*m + 4*g - 168. List the prime factors of m/(-3) - (-16)/(-24).
13
Let h(i) = 27*i**3 + 0*i**2 + 2*i**2 + i - 28*i**3. What are the prime factors of h(-3)?
2, 3, 7
Let z be (-21)/28 + (-30)/(-8). Let d be (3 + 23)/(2/4). Suppose -2*l = -z*y - d, 4*y = 4*l - 37 - 63. List the prime factors of l.
23
What are the prime factors of (-1)/(-4)*36 - -1539?
2, 3, 43
Let k be 4/3 + 6/9. Suppose -r + 5 = -2*y, -3*r + y + 43 = k*y. Let h = r - -3. List the prime factors of h.
2
Suppose -4*h = -2*l + 7*l - 4608, 4*l - 4*h - 3708 = 0. List the prime factors of l.
2, 3, 7, 11
Let n be (7 - 80)*(-4 + 2). Suppose -5*k = -n - 189. List the prime factors of k.
67
Let j be -7 + 3 + 1 - -1. Let q be -1 - (j/(-2))/(-1). Suppose c = 5*n + 29, q*n = c - 4*n - 30. What are the prime factors of c?
2, 17
Suppose 0 = -11*i + 22*i - 1177. Suppose -109*c = -i*c - 230. What are the prime factors of c?
5, 23
Suppose 0 = -s + 4*n + 3942, 11798 = 3*s + 10*n - 8*n. What are the prime factors of s?
2, 7, 281
Let l(h) = -h**3 - 2*h**2 + h. Let p be l(-4). List the prime factors of 1519/p - 1/(-8)*-2.
2, 3
Let g = 88 + -83. Suppose -g*k - 3*j + 909 = 0, -235 + 50 = -k + j. What are the prime factors of k?
3, 61
Let p(v) = -v**3 - 6*v**2 + 3*v + 6. Let w be p(-6). Let n be 1 + 0 - 135/(-5). Let i = w + n. What are the prime factors of i?
2
Let h(x) = -x + 15. Let d be h(12). Suppose -4*r + d*v + 115 = 0, 3*r - 78 = -v + 6*v. What are the prime factors of r?
31
Let d(f) = -f**3 + 5*f**2 - 3*f + 3. Let r be d(3). Suppose 4*c - r - 20 = 0. List the prime factors of (-1 - c - 4)*-2.
2, 13
Let p(f) = 5*f + 9. Let r be p(6). Suppose a = v - r, -10 - 2 = -4*a. What are the prime factors of v?
2, 3, 7
Let p(g) be the first derivative of 2*g**3/3 + 7*g**2/2 - 1. What are the prime factors of p(-8)?
2, 3
Suppose -4*l = -2*t + 256, 9*t - 8*t - 163 = -5*l. What are the prime factors of t?
2, 3, 23
Let t = -55 - -41. List the prime factors of (-2109)/(-21) - (-6)/t.
2, 5
Suppose -5 = -5*c + 20. Suppose -16 = 4*n, 10*n - c*n = -3*l - 35. Let y(p) = 2*p**2 + 7*p - 2.